
List the prime factors of 390070648.
2, 11, 29, 353, 433
What are the prime factors of 7193198940?
2, 3, 5, 23, 89, 58567
List the prime factors of 93264263.
3313, 28151
What are the prime factors of 593825899?
3181, 186679
List the prime factors of 19444602.
2, 3, 3240767
List the prime factors of 623110324.
2, 155777581
What are the prime factors of 147564909?
3, 71, 2851
List the prime factors of 633842207.
3803, 166669
List the prime factors of 6907514894.
2, 7, 47, 10497743
List the prime factors of 476274329.
17, 28016137
List the prime factors of 1763098133.
829, 1373, 1549
List the prime factors of 7504884.
2, 3, 208469
List the prime factors of 18051609.
3, 67, 89809
List the prime factors of 83686694.
2, 7, 13, 459817
What are the prime factors of 727961213?
7, 103994459
List the prime factors of 3979020647.
7, 3259, 24917
List the prime factors of 486180251.
17551, 27701
What are the prime factors of 122900442?
2, 3, 7, 2926201
What are the prime factors of 75389661?
3, 97, 86357
What are the prime factors of 860852311?
11, 1459, 53639
What are the prime factors of 2389897439?
2389897439
List the prime factors of 13107260.
2, 5, 43, 15241
What are the prime factors of 45428043?
3, 373, 40597
What are the prime factors of 179735178?
2, 3, 7, 4279409
List the prime factors of 1297434336.
2, 3, 11, 1228631
What are the prime factors of 51256994?
2, 25628497
List the prime factors of 612592801.
4391, 139511
List the prime factors of 58474741.
13, 53, 84869
What are the prime factors of 9259797?
3, 3086599
List the prime factors of 851718511.
7, 2473, 49201
List the prime factors of 10974848.
2, 179, 479
List the prime factors of 248268038.
2, 41, 3027659
List the prime factors of 322766620.
2, 5, 11, 1467121
What are the prime factors of 218514195?
3, 5, 31, 156641
What are the prime factors of 33565778?
2, 16782889
List the prime factors of 3288830945.
5, 657766189
List the prime factors of 58857799.
7, 11, 13, 4523
List the prime factors of 498707123.
498707123
List the prime factors of 135287298.
2, 3, 89, 84449
List the prime factors of 53517437.
53517437
What are the prime factors of 4567184986?
2, 7, 13, 25094423
What are the prime factors of 2806830365?
5, 31, 47, 385289
What are the prime factors of 115882262?
2, 67, 864793
List the prime factors of 127886350.
2, 5, 53, 48259
What are the prime factors of 60876482?
2, 1187, 25643
What are the prime factors of 1984022525?
5, 79360901
What are the prime factors of 2307730223?
41, 61, 433, 2131
What are the prime factors of 2129150100?
2, 3, 5, 7, 11, 61, 1511
List the prime factors of 1020019825.
5, 11, 3709163
What are the prime factors of 720895063?
7, 102985009
What are the prime factors of 16190379?
3, 1798931
What are the prime factors of 1406432338?
2, 17, 41365657
List the prime factors of 31331614.
2, 101, 109, 1423
List the prime factors of 3342003.
3, 7, 43, 3701
List the prime factors of 60932276.
2, 367, 41507
List the prime factors of 471962447.
11, 73, 587749
List the prime factors of 267952598.
2, 133976299
List the prime factors of 1002666869.
3371, 297439
List the prime factors of 1492830193.
1492830193
List the prime factors of 44844795.
3, 5, 996551
What are the prime factors of 172427350?
2, 5, 659, 5233
List the prime factors of 209949014.
2, 11, 17, 23, 24407
What are the prime factors of 2420879977?
61, 293, 135449
What are the prime factors of 2931501806?
2, 2377, 616639
List the prime factors of 2527529855.
5, 443, 1141097
What are the prime factors of 1176764481?
3, 61, 2143469
What are the prime factors of 4952829331?
223, 22209997
What are the prime factors of 21368286?
2, 3, 17, 7759
List the prime factors of 1986500357.
1986500357
What are the prime factors of 354136859?
3593, 98563
List the prime factors of 4481132329.
4561, 982489
What are the prime factors of 228921433?
13, 1471, 11971
What are the prime factors of 245849268?
2, 3, 7, 293, 1427
List the prime factors of 63815384.
2, 7976923
List the prime factors of 96385385.
5, 19, 379, 2677
List the prime factors of 371964194.
2, 7, 3795553
What are the prime factors of 131394931?
113, 409, 2843
List the prime factors of 144496075.
5, 5779843
List the prime factors of 352636747.
352636747
What are the prime factors of 63792671?
19, 176711
What are the prime factors of 92080714?
2, 11, 137, 223
What are the prime factors of 682218832?
2, 83, 513719
What are the prime factors of 2848133932?
2, 7, 337, 509, 593
List the prime factors of 199274287.
199274287
What are the prime factors of 64704882?
2, 3, 11, 980377
List the prime factors of 1018819059.
3, 3407, 99679
What are the prime factors of 94592573?
17, 5564269
What are the prime factors of 132410207?
31, 4271297
What are the prime factors of 83933676?
2, 3, 1433, 1627
List the prime factors of 1153603663.
17, 23, 2950393
What are the prime factors of 12629323?
7, 23, 47, 1669
What are the prime factors of 55629898?
2, 1597, 17417
List the prime factors of 1426504673.
11, 2063, 62861
List the prime factors of 58783674.
2, 3, 9797279
List the prime factors of 16753837.
16753837
What are the prime factors of 61399458?
2, 3, 379009
What are the prime factors of 2545781918?
2, 19, 857, 78173
List the prime factors of 2251047261.
3, 71, 10568297
List the prime factors of 18632785.
5, 131, 28447
List the prime factors of 897353983.
19, 977, 48341
What are the prime factors of 463929299?
53, 1733, 5051
What are the prime factors of 209515752?
2, 3, 17, 10069
List the prime factors of 59749887.
3, 19916629
What are the prime factors of 311327747?
23, 13535989
List the prime factors of 86044661.
86044661
List the prime factors of 159898940.
2, 5, 17, 43, 10937
What are the prime factors of 1237842246?
2, 3, 83, 2485627
List the prime factors of 80567068.
2, 19, 23, 46091
List the prime factors of 224667359.
7, 17, 71, 26591
What are the prime factors of 56548109?
107, 528487
List the prime factors of 4166956956.
2, 3, 19, 18276127
What are the prime factors of 454980572?
2, 23, 2153, 2297
What are the prime factors of 145489493?
139, 1046687
What are the prime factors of 57874032?
2, 3, 401903
What are the prime factors of 331588668?
2, 3, 29, 193, 4937
List the prime factors of 1176354763.
17, 69197339
What are the prime factors of 1458660991?
71, 20544521
What are the prime factors of 291198626?
2, 145599313
What are the prime factors of 13336130?
2, 5, 1333613
What are the prime factors of 20889461?
67, 73, 4271
List the prime factors of 153230248.
2, 17, 1126693
What are the prime factors of 5907377201?
11, 23, 1283, 18199
What are the prime factors of 11436876?
2, 3, 11, 3209
List the prime factors of 142458533.
7, 59333
What are the prime factors of 2114360757?
3, 59, 3981847
List the prime factors of 81851.
7, 11, 1063
What are the prime factors of 44467977?
3, 43, 101, 3413
What are the prime factors of 121369172?
2, 4013, 7561
List the prime factors of 4814559041.
89, 269, 201101
List the prime factors of 227089301.
227089301
What are the prime factors of 1357803461?
7, 29, 821, 8147
List the prime factors of 2061207633.
3, 73, 191, 49277
List the prime factors of 109807154.
2, 54903577
List the prime factors of 42181599.
3, 14060533
What are the prime factors of 258671997?
3, 3373, 8521
List the prime factors of 210803635.
5, 7, 860423
List the prime factors of 1278525682.
2, 7, 91323263
What are the prime factors of 129424686?
2, 3, 257, 83933
What are the prime factors of 931459780?
2, 5, 131, 355519
What are the prime factors of 13533362?
2, 41, 165041
What are the prime factors of 6290904575?
5, 73, 3447071
What are the prime factors of 301147077?
3, 7, 11, 1303667
List the prime factors of 4767519389.
17, 193, 521, 2789
What are the prime factors of 48116260?
2, 5, 2405813
What are the prime factors of 116144288?
2, 13, 89, 3137
What are the prime factors of 255573531?
3, 101, 281159
List the prime factors of 916599861.
3, 53, 640531
List the prime factors of 271682021.
13, 101, 206917
What are the prime factors of 680891448?
2, 3, 19, 23, 64921
What are the prime factors of 1005995082?
2, 3, 7393, 22679
What are the prime factors of 41310388?
2, 7, 1475371
What are the prime factors of 2229128667?
3, 9173369
List the prime factors 